{"id":789,"date":"2025-07-24T19:52:12","date_gmt":"2025-07-24T19:52:12","guid":{"rendered":"https:\/\/importec-sas.com\/?page_id=789"},"modified":"2025-09-08T16:23:35","modified_gmt":"2025-09-08T16:23:35","slug":"repuestos-e-insumos","status":"publish","type":"page","link":"https:\/\/www.importec-sas.com\/web\/repuestos-e-insumos\/","title":{"rendered":"Repuestos y suministros"},"content":{"rendered":"\t\t<div data-elementor-type=\"wp-page\" data-elementor-id=\"789\" class=\"elementor elementor-789\" data-elementor-post-type=\"page\">\n\t\t\t\t<div class=\"elementor-element elementor-element-bfd87df e-grid e-con-full e-con e-parent\" data-id=\"bfd87df\" data-element_type=\"container\" data-e-type=\"container\">\n\t\t\t\t<div class=\"elementor-element elementor-element-ab588c7 elementor-widget elementor-widget-html\" data-id=\"ab588c7\" data-element_type=\"widget\" data-e-type=\"widget\" data-widget_type=\"html.default\">\n\t\t\t\t<div class=\"elementor-widget-container\">\n\t\t\t\t\t<link href=\"https:\/\/cdn.jsdelivr.net\/npm\/bootstrap-icons\/font\/bootstrap-icons.css\" rel=\"stylesheet\">\r\n<script src=\"https:\/\/cdn.tailwindcss.com\"><\/script>\r\n\r\n<style>\r\n\/* Barra de men\u00fa *\/\r\n.header-barra {\r\n  background: linear-gradient(180deg, #ffffff, #f0f0f0);\r\n  box-shadow: 0 2px 8px rgba(0, 0, 0, 0.1);\r\n  border-radius: 1rem;\r\n  padding: 0.5rem 1rem;\r\n  border: 3px solid #e0e0e0;\r\n}\r\n\r\n\/* Transiciones suaves *\/\r\n.accordion-content {\r\n  transition: max-height 0.3s ease, opacity 0.3s ease;\r\n  overflow: hidden;\r\n  max-height: 0;\r\n  opacity: 0;\r\n}\r\n.accordion-content.open {\r\n  max-height: 1000px; \/* suficiente para contenido *\/\r\n  opacity: 1;\r\n}\r\n<\/style>\r\n\r\n<header class=\"header-barra bg-white shadow-md relative z-50\">\r\n  <div class=\"max-w-7xl mx-auto px-4 sm:px-6 lg:px-8\">\r\n    <div class=\"flex justify-between items-center h-16\">\r\n      <!-- Logo -->\r\n      <div class=\"flex-shrink-0\">\r\n        <a href=\"#\">\r\n          <img decoding=\"async\" style=\"height:190px; width:auto;\"  src=\"https:\/\/importec-sas.com\/wp-content\/uploads\/2025\/06\/Logo_IMPORTEC_sin_fondo.png\" alt=\"Logo\" \/>\r\n        <\/a>\r\n      <\/div>\r\n\r\n      <!-- Men\u00fa escritorio -->\r\n      <nav class=\"hidden md:flex space-x-6 items-center text-gray-700 font-medium\">\r\n        <a href=\"https:\/\/importec-sas.com\/quienes-somos\/\" class=\"hover:text-red-500\">Qui\u00e9nes somos<\/a>\r\n\r\n        <!-- Productos con acorde\u00f3n -->\r\n        <div class=\"relative group\">\r\n          <button id=\"productos-desktop-toggle\" class=\"hover:text-red-500 flex items-center space-x-1\">\r\n            <span>Productos<\/span>\r\n            <i class=\"bi bi-caret-down-fill text-sm\"><\/i>\r\n          <\/button>\r\n          <div id=\"productos-desktop-submenu\" class=\"absolute hidden bg-white shadow-lg rounded-md mt-1 w-64 p-2\">\r\n            <!-- Acorde\u00f3n: Maquinaria importada -->\r\n            <button id=\"importada-desktop-toggle\" class=\"w-full flex justify-between items-center py-2 px-2 hover:bg-gray-100\">\r\n              <span>Maquinaria importada<\/span>\r\n              <i class=\"bi bi-caret-down-fill\"><\/i>\r\n            <\/button>\r\n            <div id=\"importada-desktop-submenu\" class=\"accordion-content pl-4\">\r\n              <a href=\"#\" class=\"block px-2 py-1 hover:bg-gray-100\">Extrusi\u00f3n<\/a>\r\n              <a href=\"#\" class=\"block px-2 py-1 hover:bg-gray-100\">Flexo<\/a>\r\n              <a href=\"#\" class=\"block px-2 py-1 hover:bg-gray-100\">Laminado<\/a>\r\n              <a href=\"#\" class=\"block px-2 py-1 hover:bg-gray-100\">Refilado<\/a>\r\n              <a href=\"#\" class=\"block px-2 py-1 hover:bg-gray-100\">Sellado<\/a>\r\n              <a href=\"#\" class=\"block px-2 py-1 hover:bg-gray-100\">Peletizado<\/a>\r\n              <a href=\"#\" class=\"block px-2 py-1 hover:bg-gray-100\">Inyecci\u00f3n<\/a>\r\n              <a href=\"#\" class=\"block px-2 py-1 hover:bg-gray-100\">Inspecci\u00f3n<\/a>\r\n            <\/div>\r\n            <a href=\"https:\/\/importec-sas.com\/maquinaria-usada\/\" class=\"block px-2 py-2 hover:bg-gray-100\">Maquinaria de segunda<\/a>\r\n            <a href=\"https:\/\/importec-sas.com\/repuestos-e-insumos\" class=\"block px-2 py-2 hover:bg-gray-100\">Repuestos y suministros<\/a>\r\n          <\/div>\r\n        <\/div>\r\n\r\n        <a href=\"https:\/\/importec-sas.com\/servicios-2\" class=\"hover:text-red-500\">Servicios<\/a>\r\n        <a href=\"https:\/\/importec-sas.com\/preguntas-frecuentes\" class=\"hover:text-red-500\">Preguntas frecuentes<\/a>\r\n        <a href=\"https:\/\/importec-sas.com\/noticias\" class=\"hover:text-red-500\">Noticias<\/a>\r\n        <a href=\"https:\/\/importec-sas.com\/contacto-2\" class=\"hover:text-red-500\">Contacto<\/a>\r\n      <\/nav>\r\n\r\n      <!-- Bot\u00f3n men\u00fa m\u00f3vil -->\r\n      <div class=\"md:hidden flex items-center\">\r\n        <button id=\"menu-button\" class=\"text-gray-700 focus:outline-none\">\r\n          <i class=\"bi bi-list text-3xl\"><\/i>\r\n        <\/button>\r\n      <\/div>\r\n    <\/div>\r\n  <\/div>\r\n\r\n  <!-- Men\u00fa m\u00f3vil -->\r\n  <div id=\"mobile-menu\" class=\"hidden md:hidden bg-white shadow-md rounded-md p-4\">\r\n    <a href=\"https:\/\/importec-sas.com\/quienes-somos\/\" class=\"block py-2 hover:text-red-500\">Qui\u00e9nes somos<\/a>\r\n\r\n    <!-- Acorde\u00f3n productos m\u00f3vil -->\r\n    <div>\r\n      <button id=\"productos-toggle\" class=\"flex justify-between items-center w-full py-2 hover:text-red-500\">\r\n        <span>Productos<\/span>\r\n        <i class=\"bi bi-caret-down-fill\"><\/i>\r\n      <\/button>\r\n      <div id=\"productos-submenu\" class=\"accordion-content pl-4\">\r\n        <!-- Acorde\u00f3n interno: Maquinaria importada -->\r\n        <button id=\"importada-toggle\" class=\"flex justify-between items-center w-full py-2\">\r\n          <span>Maquinaria importada<\/span>\r\n          <i class=\"bi bi-caret-down-fill\"><\/i>\r\n        <\/button>\r\n        <div id=\"importada-submenu\" class=\"accordion-content pl-4\">\r\n          <a href=\"#\" class=\"block py-1 hover:text-red-500\">Extrusi\u00f3n<\/a>\r\n          <a href=\"#\" class=\"block py-1 hover:text-red-500\">Flexo<\/a>\r\n          <a href=\"#\" class=\"block py-1 hover:text-red-500\">Laminado<\/a>\r\n          <a href=\"#\" class=\"block py-1 hover:text-red-500\">Refilado<\/a>\r\n          <a href=\"#\" class=\"block py-1 hover:text-red-500\">Sellado<\/a>\r\n          <a href=\"#\" class=\"block py-1 hover:text-red-500\">Peletizado<\/a>\r\n          <a href=\"#\" class=\"block py-1 hover:text-red-500\">Inyecci\u00f3n<\/a>\r\n          <a href=\"#\" class=\"block py-1 hover:text-red-500\">Inspecci\u00f3n<\/a>\r\n        <\/div>\r\n        <a href=\"https:\/\/importec-sas.com\/maquinaria-usada\/\" class=\"block py-1 hover:text-red-500\">Maquinaria de segunda<\/a>\r\n        <a href=\"https:\/\/importec-sas.com\/repuestos-e-insumos\" class=\"block py-1 hover:text-red-500\">Repuestos y suministros<\/a>\r\n      <\/div>\r\n    <\/div>\r\n\r\n    <a href=\"https:\/\/importec-sas.com\/servicios-2\" class=\"block py-2 hover:text-red-500\">Servicios<\/a>\r\n    <a href=\"https:\/\/importec-sas.com\/preguntas-frecuentes\" class=\"block py-2 hover:text-red-500\">Preguntas frecuentes<\/a>\r\n    <a href=\"https:\/\/importec-sas.com\/noticias\/\" class=\"block py-2 hover:text-red-500\">Noticias<\/a>\r\n    <a href=\"https:\/\/importec-sas.com\/contacto-2\" class=\"block py-2 hover:text-red-500\">Contacto<\/a>\r\n  <\/div>\r\n<\/header>\r\n\r\n<script>\r\n\/* Bot\u00f3n men\u00fa m\u00f3vil *\/\r\nconst menuButton = document.getElementById('menu-button');\r\nconst mobileMenu = document.getElementById('mobile-menu');\r\nmenuButton.addEventListener('click', () => {\r\n  mobileMenu.classList.toggle('hidden');\r\n});\r\n\r\n\/* Acorde\u00f3n m\u00f3vil *\/\r\nconst productosToggle = document.getElementById('productos-toggle');\r\nconst productosSubmenu = document.getElementById('productos-submenu');\r\nproductosToggle.addEventListener('click', () => {\r\n  productosSubmenu.classList.toggle('open');\r\n});\r\n\r\nconst importadaToggle = document.getElementById('importada-toggle');\r\nconst importadaSubmenu = document.getElementById('importada-submenu');\r\nimportadaToggle.addEventListener('click', () => {\r\n  importadaSubmenu.classList.toggle('open');\r\n});\r\n\r\n\/* Acorde\u00f3n escritorio *\/\r\nconst productosDesktopToggle = document.getElementById('productos-desktop-toggle');\r\nconst productosDesktopSubmenu = document.getElementById('productos-desktop-submenu');\r\nproductosDesktopToggle.addEventListener('click', () => {\r\n  productosDesktopSubmenu.classList.toggle('hidden');\r\n});\r\n\r\nconst importadaDesktopToggle = document.getElementById('importada-desktop-toggle');\r\nconst importadaDesktopSubmenu = document.getElementById('importada-desktop-submenu');\r\nimportadaDesktopToggle.addEventListener('click', () => {\r\n  importadaDesktopSubmenu.classList.toggle('open');\r\n});\r\n<\/script>\r\n\t\t\t\t<\/div>\n\t\t\t\t<\/div>\n\t\t\t\t<\/div>\n\t\t<div class=\"elementor-element elementor-element-4a76015 e-grid e-con-full e-con e-parent\" data-id=\"4a76015\" data-element_type=\"container\" data-e-type=\"container\">\n\t\t\t\t<div class=\"elementor-element elementor-element-494492e elementor-widget elementor-widget-shortcode\" data-id=\"494492e\" data-element_type=\"widget\" data-e-type=\"widget\" data-widget_type=\"shortcode.default\">\n\t\t\t\t<div class=\"elementor-widget-container\">\n\t\t\t\t\t\t\t<div class=\"elementor-shortcode\">[smartslider3 slider=\"2\"]<\/div>\n\t\t\t\t\t\t<\/div>\n\t\t\t\t<\/div>\n\t\t\t\t<\/div>\n\t\t<div class=\"elementor-element elementor-element-e9f51cd e-grid e-con-full e-con e-parent\" data-id=\"e9f51cd\" data-element_type=\"container\" data-e-type=\"container\">\n\t\t\t\t<div class=\"elementor-element elementor-element-5d4ab8a elementor-widget elementor-widget-html\" data-id=\"5d4ab8a\" data-element_type=\"widget\" data-e-type=\"widget\" data-widget_type=\"html.default\">\n\t\t\t\t<div class=\"elementor-widget-container\">\n\t\t\t\t\t<style>\r\n    body {\r\n      margin: 0;\r\n      font-family: Arial, sans-serif;\r\n      background-color: #f2f2f2;\r\n    }\r\n\r\n    .seccion-beneficios {\r\n      padding: 50px 20px;\r\n      position: relative;\r\n      overflow: hidden;\r\n      max-width: 1200px;\r\n      margin: auto;\r\n    }\r\n\r\n    .titulo {\r\n      text-align: center;\r\n      font-size: 28px;\r\n      font-weight: bold;\r\n      color: red;\r\n      margin-bottom: 40px;\r\n    }\r\n\r\n    .contenedor {\r\n      display: flex;\r\n      gap: 20px;\r\n      position: relative;\r\n    }\r\n\r\n    .columna {\r\n      flex: 1;\r\n      display: flex;\r\n      flex-direction: column;\r\n      gap: 100px;\r\n    }\r\n\r\n    .beneficio {\r\n      background: #fff;\r\n      border-radius: 12px;\r\n      padding: 20px;\r\n      box-shadow: 0 4px 10px rgba(0,0,0,0.1);\r\n      display: flex;\r\n      align-items: center;\r\n      gap: 20px;\r\n      position: relative;\r\n    }\r\n\r\n    .beneficio img {\r\n      width: 130px;\r\n      border-radius: 8px;\r\n    }\r\n\r\n    .beneficio h3 {\r\n      margin: 0 0 10px;\r\n      color: #333;\r\n    }\r\n\r\n    .beneficio p {\r\n      margin: 0;\r\n      color: #555;\r\n    }\r\n\r\n    .centro {\r\n      width: 60px;\r\n      position: relative;\r\n    }\r\n\r\n    #linea-roja {\r\n      position: absolute;\r\n      width: 4px;\r\n      background-color: red;\r\n      left: 50%;\r\n      transform: translateX(-50%);\r\n      top: 0;\r\n      z-index: 1;\r\n    }\r\n\r\n    .punto {\r\n      width: 14px;\r\n      height: 14px;\r\n      background-color: red;\r\n      border-radius: 50%;\r\n      position: absolute;\r\n      left: 50%;\r\n      transform: translateX(-50%);\r\n      z-index: 2;\r\n    }\r\n\r\n    .flecha {\r\n      width: 12px;\r\n      height: 12px;\r\n      border-top: 2px solid red;\r\n      border-right: 2px solid red;\r\n      position: absolute;\r\n      transform: rotate(45deg);\r\n      z-index: 2;\r\n    }\r\n\r\n    .flecha.izquierda {\r\n      left: -8px;\r\n    }\r\n\r\n    .flecha.derecha {\r\n      right: -8px;\r\n    }\r\n\r\n    \/* Responsive *\/\r\n    @media (max-width: 768px) {\r\n      .contenedor {\r\n        flex-direction: column;\r\n        align-items: center;\r\n      }\r\n\r\n      .centro {\r\n        order: 2;\r\n        height: auto;\r\n        width: 4px;\r\n      }\r\n\r\n      .columna {\r\n        order: 1;\r\n        width: 100%;\r\n      }\r\n\r\n      .beneficio {\r\n        flex-direction: column;\r\n        text-align: center;\r\n      }\r\n\r\n      .beneficio img {\r\n        width: 100%;\r\n        max-width: 300px;\r\n      }\r\n\r\n      .flecha {\r\n        display: none;\r\n      }\r\n    }\r\n  <\/style>\r\n  \r\n  <section class=\"seccion-beneficios\">\r\n  <div class=\"titulo\">Beneficios y ventajas<\/div>\r\n  <div class=\"contenedor\">\r\n    \r\n    <!-- Columna izquierda -->\r\n    <div class=\"columna\" id=\"columna-izquierda\">\r\n      <div class=\"beneficio\">\r\n        <div>\r\n          <h3>1. Alta velocidad<\/h3>\r\n          <p>Impulsada por servomotores de precisi\u00f3n con control de tensi\u00f3n estable.<\/p>\r\n        <\/div>\r\n        <img decoding=\"async\" src=\"https:\/\/importec-sas.com\/wp-content\/uploads\/2025\/07\/benefits-103-358x.jpg\" alt=\"Imagen 1\">\r\n      <\/div>\r\n\r\n      <div class=\"beneficio\">\r\n        <div>\r\n          <h3>3. Alta calidad<\/h3>\r\n          <p>Componentes europeos\/japoneses de alta fiabilidad y velocidad.<\/p>\r\n        <\/div>\r\n        <img decoding=\"async\" src=\"https:\/\/importec-sas.com\/wp-content\/uploads\/2025\/07\/benefits-102-359x.jpg\" alt=\"Imagen 3\">\r\n      <\/div>\r\n    <\/div>\r\n\r\n    <!-- L\u00ednea roja con flechas -->\r\n    <div class=\"centro\">\r\n      <div id=\"linea-roja\"><\/div>\r\n    <\/div>\r\n\r\n    <!-- Columna derecha -->\r\n    <div class=\"columna\" id=\"columna-derecha\">\r\n      <div class=\"beneficio\">\r\n        <img decoding=\"async\" src=\"https:\/\/importec-sas.com\/wp-content\/uploads\/2025\/07\/benefits-106-359x.jpg\" alt=\"Imagen 2\">\r\n        <div>\r\n          <h3>2. Automatizaci\u00f3n<\/h3>\r\n          <p>Reduce tiempos, permite almacenar m\u00e1s de 10 configuraciones.<\/p>\r\n        <\/div>\r\n      <\/div>\r\n\r\n      <div class=\"beneficio\">\r\n        <img decoding=\"async\" src=\"https:\/\/importec-sas.com\/wp-content\/uploads\/2025\/07\/benefits-110-359x.jpg\" alt=\"Imagen 4\">\r\n        <div>\r\n          <h3>4. Sistema integrado<\/h3>\r\n          <p>Integraci\u00f3n de inspecci\u00f3n y rebobinado. Menor espacio y costo.<\/p>\r\n        <\/div>\r\n      <\/div>\r\n    <\/div>\r\n\r\n  <\/div>\r\n<\/section>\r\n\r\n\r\n<script>\r\n  window.addEventListener('DOMContentLoaded', () => {\r\n    const linea = document.getElementById('linea-roja');\r\n    const centro = document.querySelector('.centro');\r\n    const izquierda = document.querySelectorAll('#columna-izquierda .beneficio');\r\n    const derecha = document.querySelectorAll('#columna-derecha .beneficio');\r\n\r\n    const puntos = [];\r\n    const flechas = [];\r\n\r\n    const total = Math.max(izquierda.length, derecha.length);\r\n    const centroTop = centro.getBoundingClientRect().top + window.scrollY;\r\n\r\n    for (let i = 0; i < total; i++) {\r\n      const leftBox = izquierda[i];\r\n      const rightBox = derecha[i];\r\n\r\n      const punto = document.createElement('div');\r\n      punto.className = 'punto';\r\n\r\n      const flecha = document.createElement('div');\r\n      flecha.className = 'flecha';\r\n\r\n      \/\/ Se toma la posici\u00f3n vertical promedio entre ambos lados\r\n      const refBox = leftBox || rightBox;\r\n      const boxTop = refBox.getBoundingClientRect().top + window.scrollY - centroTop + (refBox.offsetHeight \/ 2);\r\n      punto.style.top = `${boxTop}px`;\r\n\r\n      \/\/ Flecha a la izquierda o derecha seg\u00fan el lado disponible\r\n      if (leftBox) {\r\n        flecha.classList.add('izquierda');\r\n        flecha.style.top = `${boxTop - 6}px`;\r\n      } else if (rightBox) {\r\n        flecha.classList.add('derecha');\r\n        flecha.style.top = `${boxTop - 6}px`;\r\n      }\r\n\r\n      centro.appendChild(punto);\r\n      centro.appendChild(flecha);\r\n    }\r\n\r\n    \/\/ Ajustar la altura de la l\u00ednea roja seg\u00fan el contenido\r\n    const allBoxes = [...izquierda, ...derecha];\r\n    const firstBox = allBoxes[0].getBoundingClientRect();\r\n    const lastBox = allBoxes[allBoxes.length - 1].getBoundingClientRect();\r\n    const startY = firstBox.top + window.scrollY - centroTop;\r\n    const endY = lastBox.top + window.scrollY - centroTop + lastBox.height;\r\n    linea.style.top = `${startY}px`;\r\n    linea.style.height = `${endY - startY}px`;\r\n  });\r\n<\/script>\r\n\r\n\r\n\t\t\t\t<\/div>\n\t\t\t\t<\/div>\n\t\t\t\t<\/div>\n\t\t<div class=\"elementor-element elementor-element-3eabb6e e-grid e-con-full e-con e-parent\" data-id=\"3eabb6e\" data-element_type=\"container\" data-e-type=\"container\">\n\t\t\t\t<div class=\"elementor-element elementor-element-25dd3c4 elementor-widget elementor-widget-html\" data-id=\"25dd3c4\" data-element_type=\"widget\" data-e-type=\"widget\" data-widget_type=\"html.default\">\n\t\t\t\t<div class=\"elementor-widget-container\">\n\t\t\t\t\t<style>\r\n    body {\r\n      font-family: Arial, sans-serif;\r\n      background-color: #f4f3f9;\r\n      margin: 0;\r\n      padding: 0;\r\n    }\r\n\r\n    .accion-section {\r\n      max-width: 1100px;\r\n      margin: 40px auto;\r\n      padding: 20px;\r\n      display: flex;\r\n      flex-wrap: wrap;\r\n      gap: 30px;\r\n      align-items: center;\r\n      justify-content: center;\r\n    }\r\n\r\n    .accion-section h2 {\r\n      width: 100%;\r\n      color: red;\r\n      font-size: 28px;\r\n      margin-bottom: 20px;\r\n    }\r\n\r\n    .video-container {\r\n      flex: 1 1 480px;\r\n      max-width: 550px;\r\n    }\r\n\r\n    .video-container iframe {\r\n      width: 100%;\r\n      height: 315px;\r\n      border-radius: 6px;\r\n      border: none;\r\n    }\r\n\r\n    .info-texto {\r\n      flex: 1 1 380px;\r\n      max-width: 500px;\r\n      font-size: 15px;\r\n      line-height: 1.6;\r\n      color: #333;\r\n    }\r\n\r\n    .info-texto p {\r\n      margin-bottom: 20px;\r\n    }\r\n\r\n    .boton-contacto {\r\n      display: inline-block;\r\n      background-color: #e60000;\r\n      color: white;\r\n      padding: 12px 25px;\r\n      border-radius: 30px;\r\n      text-decoration: none;\r\n      font-weight: bold;\r\n      transition: background-color 0.3s ease;\r\n    }\r\n\r\n    .boton-contacto:hover {\r\n      background-color: #c70000;\r\n    }\r\n\r\n    .boton-contacto::after {\r\n      content: ' \u27a4';\r\n      margin-left: 8px;\r\n    }\r\n\r\n    @media (max-width: 768px) {\r\n      .accion-section {\r\n        flex-direction: column;\r\n        padding: 15px;\r\n      }\r\n\r\n      .info-texto {\r\n        text-align: center;\r\n      }\r\n\r\n      .boton-contacto {\r\n        margin-top: 10px;\r\n      }\r\n    }\r\n  <\/style>\r\n  \r\n  \r\n  <section class=\"accion-section\">\r\n  <h2>Con\u00f3cela en acci\u00f3n<\/h2>\r\n\r\n  <div class=\"video-container\">\r\n    <iframe \r\n      src=\"https:\/\/www.youtube.com\/embed\/BQDbDUIV-PA\" \r\n      title=\"Video demostraci\u00f3n\"\r\n      allow=\"accelerometer; autoplay; clipboard-write; encrypted-media; gyroscope; picture-in-picture\"\r\n      allowfullscreen>\r\n    <\/iframe>\r\n  <\/div>\r\n\r\n  <div class=\"info-texto\">\r\n    <p>En este video te mostramos c\u00f3mo funciona la m\u00e1quina de rebobinado e inspecci\u00f3n de etiquetas autoadhesivas, empaques flexibles y materiales impresos. Esta tecnolog\u00eda permite detectar errores de impresi\u00f3n y asegurar la calidad del producto final. Una herramienta clave para la fabricaci\u00f3n de empaques para alimentos, cosm\u00e9ticos, productos farmac\u00e9uticos y m\u00e1s.<\/p>\r\n    <p>\u00bfQuieres saber si esta m\u00e1quina es la indicada para tu l\u00ednea de producci\u00f3n? Nuestro equipo est\u00e1 listo para asesorarte.<\/p>\r\n    <a href=\"#contacto\" class=\"boton-contacto\">Cont\u00e1ctenos<\/a>\r\n  <\/div>\r\n<\/section>\r\n  \r\n  \r\n  \r\n  \t\t\t\t<\/div>\n\t\t\t\t<\/div>\n\t\t\t\t<\/div>\n\t\t<footer class=\"elementor-element elementor-element-b020dc6 e-con-full e-flex e-con e-parent\" data-id=\"b020dc6\" data-element_type=\"container\" data-e-type=\"container\">\n\t\t\t\t<div class=\"elementor-element elementor-element-16c67df elementor-widget elementor-widget-html\" data-id=\"16c67df\" data-element_type=\"widget\" data-e-type=\"widget\" data-widget_type=\"html.default\">\n\t\t\t\t<div class=\"elementor-widget-container\">\n\t\t\t\t\t<!DOCTYPE html>\r\n<html lang=\"es\">\r\n<head>\r\n  <meta charset=\"UTF-8\">\r\n  <meta name=\"viewport\" content=\"width=device-width, initial-scale=1.0\">\r\n  <title>Footer ImporteC<\/title>\r\n  <!-- Font Awesome para iconos -->\r\n  <link rel=\"stylesheet\" href=\"https:\/\/cdnjs.cloudflare.com\/ajax\/libs\/font-awesome\/6.4.0\/css\/all.min.css\">\r\n  <style>\r\n    \/* Estilos generales *\/\r\n    body {\r\n      margin: 0;\r\n      font-family: Arial, sans-serif;\r\n    }\r\n\r\n    footer {\r\n      background-color: #e30613; \/* rojo corporativo *\/\r\n      color: white;\r\n      padding: 40px 20px 20px;\r\n    }\r\n\r\n    .footer-container {\r\n      max-width: 1280px;\r\n      margin: 0 auto;\r\n      display: grid;\r\n      grid-template-columns: 2fr 1fr 1fr 1fr; \/* primera m\u00e1s ancha *\/\r\n      gap: 20px;\r\n    }\r\n\r\n    .footer-logo p {\r\n      margin: 10px 0;\r\n      line-height: 1.5;\r\n    }\r\n\r\n    .footer-logo img {\r\n      max-width: 160px;\r\n      margin-bottom: 10px;\r\n    }\r\n\r\n    .social-icons {\r\n      margin-top: 15px;\r\n    }\r\n\r\n    .social-icons a {\r\n      display: inline-block;\r\n      margin-right: 10px;\r\n      color: white;\r\n      font-size: 20px;\r\n      transition: color 0.3s;\r\n    }\r\n\r\n    .social-icons a:hover {\r\n      color: #000;\r\n    }\r\n\r\n    .footer-column h4 {\r\n      margin-bottom: 10px;\r\n      font-size: 18px;\r\n      font-weight: bold;\r\n    }\r\n\r\n    .footer-column ul {\r\n      list-style: none;\r\n      padding: 0;\r\n      margin: 0;\r\n    }\r\n\r\n    .footer-column ul li {\r\n      margin-bottom: 8px;\r\n    }\r\n\r\n    .footer-column ul li a {\r\n      color: white;\r\n      text-decoration: none;\r\n      transition: color 0.3s;\r\n    }\r\n\r\n    .footer-column ul li a:hover {\r\n      color: #000;\r\n    }\r\n\r\n    .footer-bottom {\r\n      margin-top: 30px;\r\n      text-align: center;\r\n      font-size: 14px;\r\n      border-top: 1px solid rgba(255, 255, 255, 0.3);\r\n      padding-top: 15px;\r\n    }\r\n\r\n    \/* Responsivo *\/\r\n    @media (max-width: 1024px) {\r\n      .footer-container {\r\n        grid-template-columns: 1fr 1fr;\r\n      }\r\n    }\r\n\r\n    @media (max-width: 768px) {\r\n      .footer-container {\r\n        grid-template-columns: 1fr;\r\n        text-align: center;\r\n      }\r\n      .social-icons {\r\n        margin-top: 10px;\r\n      }\r\n    }\r\n  <\/style>\r\n<\/head>\r\n<body>\r\n\r\n  <footer>\r\n    <div class=\"footer-container\">\r\n      <!-- Columna 1: Logo y redes -->\r\n      <div class=\"footer-logo\">\r\n        <img decoding=\"async\" src=\"https:\/\/importec-sas.com\/wp-content\/uploads\/2025\/06\/2025-06-04_Web_site_importec_logo.png\" alt=\"Logo ImporteC\">\r\n        <p>Soluciones en maquinaria importada, especialidades por alianzas estrat\u00e9gicas con proveedores internacionales especializados.<\/p>\r\n        <div class=\"social-icons\">\r\n          <a href=\"#\"><i class=\"fab fa-facebook-f\"><\/i><\/a>\r\n          <a href=\"#\"><i class=\"fab fa-x-twitter\"><\/i><\/a>\r\n          <a href=\"#\"><i class=\"fab fa-instagram\"><\/i><\/a>\r\n          <a href=\"#\"><i class=\"fab fa-youtube\"><\/i><\/a>\r\n          <a href=\"#\"><i class=\"fab fa-tiktok\"><\/i><\/a>\r\n        <\/div>\r\n      <\/div>\r\n\r\n      <!-- Columna 2: Sobre ImporteC -->\r\n      <div class=\"footer-column\">\r\n        <h4>Sobre Importec<\/h4>\r\n        <ul>\r\n          <li><a href=\"#\">Inicio<\/a><\/li>\r\n          <li><a href=\"#\">\u00bfQui\u00e9nes Somos?<\/a><\/li>\r\n          <li><a href=\"#\">Servicios<\/a><\/li>\r\n          <li><a href=\"#\">Preguntas Frecuentes<\/a><\/li>\r\n          <li><a href=\"#\">Contacto<\/a><\/li>\r\n        <\/ul>\r\n      <\/div>\r\n\r\n      <!-- Columna 3: Productos & Servicios -->\r\n      <div class=\"footer-column\">\r\n        <h4>Productos & Servicios<\/h4>\r\n        <ul>\r\n          <li><a href=\"#\">Productos<\/a><\/li>\r\n          <li><a href=\"#\">Maquinaria Importada<\/a><\/li>\r\n          <li><a href=\"#\">Maquinaria de Segunda<\/a><\/li>\r\n          <li><a href=\"#\">Repuestos y Suministros<\/a><\/li>\r\n        <\/ul>\r\n      <\/div>\r\n\r\n      <!-- Columna 4: Cont\u00e1ctenos -->\r\n      <div class=\"footer-column\">\r\n        <h4>Cont\u00e1ctenos<\/h4>\r\n        <ul>\r\n          <li>Direcci\u00f3n: Zona F, 72B # 83D Sur-34, Bogot\u00e1 - Colombia<\/li>\r\n          <li>Tel\u00e9fono: (601) 601 1500<\/li>\r\n          <li>Correo: info@importec-sas.com<\/li>\r\n        <\/ul>\r\n      <\/div>\r\n    <\/div>\r\n\r\n    <div class=\"footer-bottom\">\r\n      IMPORTEC \u00a9 - Todos Los Derechos Reservados | Dise\u00f1ado por <strong>@BillyPinesS<\/strong>\r\n    <\/div>\r\n  <\/footer>\r\n\r\n<\/body>\r\n<\/html>\r\n\t\t\t\t<\/div>\n\t\t\t\t<\/div>\n\t\t\t\t<\/footer>\n\t\t\t\t<\/div>\n\t\t","protected":false},"excerpt":{"rendered":"<p>Qui\u00e9nes somos Productos Maquinaria importada Extrusi\u00f3n Flexo Laminado Refilado Sellado Peletizado Inyecci\u00f3n Inspecci\u00f3n Maquinaria de segunda Repuestos y suministros Servicios Preguntas frecuentes Noticias Contacto Qui\u00e9nes somos Productos Maquinaria importada Extrusi\u00f3n Flexo Laminado Refilado Sellado Peletizado Inyecci\u00f3n Inspecci\u00f3n Maquinaria de segunda Repuestos y suministros Servicios Preguntas frecuentes Noticias Contacto [smartslider3 slider=\u00bb2&#8243;] Beneficios y ventajas 1. Alta [&hellip;]<\/p>\n","protected":false},"author":1,"featured_media":0,"parent":0,"menu_order":14,"comment_status":"closed","ping_status":"closed","template":"elementor_canvas","meta":{"_acf_changed":false,"footnotes":""},"class_list":["post-789","page","type-page","status-publish","hentry"],"acf":[],"_links":{"self":[{"href":"https:\/\/www.importec-sas.com\/web\/wp-json\/wp\/v2\/pages\/789","targetHints":{"allow":["GET"]}}],"collection":[{"href":"https:\/\/www.importec-sas.com\/web\/wp-json\/wp\/v2\/pages"}],"about":[{"href":"https:\/\/www.importec-sas.com\/web\/wp-json\/wp\/v2\/types\/page"}],"author":[{"embeddable":true,"href":"https:\/\/www.importec-sas.com\/web\/wp-json\/wp\/v2\/users\/1"}],"replies":[{"embeddable":true,"href":"https:\/\/www.importec-sas.com\/web\/wp-json\/wp\/v2\/comments?post=789"}],"version-history":[{"count":11,"href":"https:\/\/www.importec-sas.com\/web\/wp-json\/wp\/v2\/pages\/789\/revisions"}],"predecessor-version":[{"id":1305,"href":"https:\/\/www.importec-sas.com\/web\/wp-json\/wp\/v2\/pages\/789\/revisions\/1305"}],"wp:attachment":[{"href":"https:\/\/www.importec-sas.com\/web\/wp-json\/wp\/v2\/media?parent=789"}],"curies":[{"name":"wp","href":"https:\/\/api.w.org\/{rel}","templated":true}]}}