{"id":1292,"date":"2025-09-08T16:14:39","date_gmt":"2025-09-08T16:14:39","guid":{"rendered":"https:\/\/importec-sas.com\/?page_id=1292"},"modified":"2025-09-12T03:24:47","modified_gmt":"2025-09-12T03:24:47","slug":"aviso-legal","status":"publish","type":"page","link":"https:\/\/www.importec-sas.com\/web\/aviso-legal\/","title":{"rendered":"Aviso legal"},"content":{"rendered":"\n<p>El presente sitio web es propiedad de <strong>IMPORTEC SAS<\/strong>, con NIT [NIT de la empresa], domiciliada en Bogot\u00e1, Colombia.<\/p>\n\n\n\n<p>El acceso y uso de este sitio implica la aceptaci\u00f3n de las condiciones aqu\u00ed expuestas:<\/p>\n\n\n\n<ol class=\"wp-block-list\">\n<li><strong>Propiedad intelectual:<\/strong> Todos los contenidos (textos, im\u00e1genes, logotipos, videos, documentos y marcas) son propiedad exclusiva de IMPORTEC SAS o de sus aliados comerciales. Queda prohibida su reproducci\u00f3n, distribuci\u00f3n o modificaci\u00f3n sin autorizaci\u00f3n previa y por escrito.<\/li>\n\n\n\n<li><strong>Responsabilidad del uso:<\/strong> IMPORTEC SAS no se hace responsable por el mal uso que los usuarios puedan hacer de la informaci\u00f3n contenida en el sitio, ni por da\u00f1os derivados de la utilizaci\u00f3n de los contenidos.<\/li>\n\n\n\n<li><strong>Enlaces a terceros:<\/strong> El sitio puede contener enlaces a p\u00e1ginas externas. IMPORTEC SAS no asume responsabilidad por los contenidos o pr\u00e1cticas de privacidad de dichos sitios.<\/li>\n\n\n\n<li><strong>Actualizaciones:<\/strong> IMPORTEC SAS podr\u00e1 modificar en cualquier momento el contenido del sitio web y del presente aviso legal, por lo que se recomienda revisarlo peri\u00f3dicamente.<\/li>\n<\/ol>\n\n\n\n<p><\/p>\n","protected":false},"excerpt":{"rendered":"<p>El presente sitio web es propiedad de IMPORTEC SAS, con NIT [NIT de la empresa], domiciliada en Bogot\u00e1, Colombia. El acceso y uso de este sitio implica la aceptaci\u00f3n de las condiciones aqu\u00ed expuestas:<\/p>\n","protected":false},"author":1,"featured_media":0,"parent":0,"menu_order":20,"comment_status":"closed","ping_status":"closed","template":"","meta":{"_acf_changed":false,"footnotes":""},"class_list":["post-1292","page","type-page","status-publish","hentry"],"acf":[],"_links":{"self":[{"href":"https:\/\/www.importec-sas.com\/web\/wp-json\/wp\/v2\/pages\/1292","targetHints":{"allow":["GET"]}}],"collection":[{"href":"https:\/\/www.importec-sas.com\/web\/wp-json\/wp\/v2\/pages"}],"about":[{"href":"https:\/\/www.importec-sas.com\/web\/wp-json\/wp\/v2\/types\/page"}],"author":[{"embeddable":true,"href":"https:\/\/www.importec-sas.com\/web\/wp-json\/wp\/v2\/users\/1"}],"replies":[{"embeddable":true,"href":"https:\/\/www.importec-sas.com\/web\/wp-json\/wp\/v2\/comments?post=1292"}],"version-history":[{"count":2,"href":"https:\/\/www.importec-sas.com\/web\/wp-json\/wp\/v2\/pages\/1292\/revisions"}],"predecessor-version":[{"id":1397,"href":"https:\/\/www.importec-sas.com\/web\/wp-json\/wp\/v2\/pages\/1292\/revisions\/1397"}],"wp:attachment":[{"href":"https:\/\/www.importec-sas.com\/web\/wp-json\/wp\/v2\/media?parent=1292"}],"curies":[{"name":"wp","href":"https:\/\/api.w.org\/{rel}","templated":true}]}}